ase 3) in base 2?
11101
Convert -37 (base 10) to base 16.
-25
-6 (base 7) to base 13
-6
What is -3 (base 16) in base 8?
-3
Convert 230 (base 4) to base 7.
62
Convert -166 (base 7) to base 12.
-81
-3 (base 16) to base 9
-3
-11 (base 6) to base 11
-7
What is -11 (base 16) in base 2?
-10001
What is 31 (base 7) in base 9?
24
Convert 35 (base 11) to base 9.
42
Convert 1 (base 2) to base 5.
1
22 (base 16) to base 15
24
Convert -196 (base 12) to base 16.
-102
2 (base 11) to base 14
2
Convert 0 (base 9) to base 11.
0
Convert -332 (base 4) to base 12.
-52
10 (base 7) to base 6
11
Convert -2001 (base 3) to base 16.
-37
Convert 22 (base 3) to base 7.
11
Convert -21101 (base 3) to base 16.
-c7
What is 26 (base 14) in base 7?
46
16 (base 8) to base 13
11
Convert 3 (base 14) to base 15.
3
Convert -120 (base 5) to base 3.
-1022
What is -11 (base 4) in base 11?
-5
What is -11 (base 8) in base 5?
-14
-214 (base 7) to base 10
-109
5 (base 6) to base 13
5
Convert -201 (base 8) to base 7.
-243
Convert -3 (base 8) to base 9.
-3
-3 (base 4) to base 7
-3
What is 101 (base 3) in base 2?
1010
-ee (base 16) to base 15
-10d
413 (base 5) to base 2
1101100
What is -13 (base 5) in base 2?
-1000
Convert -2 (base 8) to base 7.
-2
-12 (base 4) to base 14
-6
Convert -40 (base 8) to base 3.
-1012
1 (base 8) to base 12
1
What is 11 (base 13) in base 3?
112
What is 1010 (base 2) in base 16?
a
Convert -90 (base 12) to base 11.
-99
Convert -1010 (base 2) to base 10.
-10
Convert 13 (base 7) to base 6.
14
What is -1 (base 15) in base 14?
-1
-11 (base 14) to base 7
-21
What is -10011 (base 2) in base 3?
-201
Convert -12 (base 7) to base 12.
-9
3 (base 16) to base 14
3
12 (base 5) to base 14
7
1 (base 7) to base 5
1
Convert -22 (base 8) to base 9.
-20
-154 (base 7) to base 5
-323
What is 141 (base 10) in base 13?
ab
10 (base 9) to base 10
9
100 (base 2) to base 15
4
What is -88 (base 12) in base 16?
-68
What is 0 (base 2) in base 5?
0
121 (base 4) to base 2
11001
-2 (base 13) to base 10
-2
Convert 9 (base 15) to base 8.
11
Convert -164 (base 11) to base 10.
-191
Convert -2 (base 13) to base 9.
-2
What is 1b (base 14) in base 11?
23
What is -3 (base 7) in base 12?
-3
-11111000 (base 2) to base 4
-3320
-126 (base 9) to base 5
-410
163 (base 10) to base 6
431
Convert -14 (base 12) to base 5.
-31
What is 0 (base 4) in base 15?
0
What is 43 (base 7) in base 16?
1f
What is -8 (base 15) in base 16?
-8
-30 (base 13) to base 8
-47
Convert -8 (base 14) to base 3.
-22
Convert -10100 (base 2) to base 7.
-26
Convert 1a (base 12) to base 9.
24
58 (base 10) to base 14
42
-2 (base 12) to base 8
-2
What is 100000 (base 2) in base 4?
200
25 (base 14) to base 10
33
234 (base 5) to base 12
59
Convert 165 (base 8) to base 6.
313
Convert -a (base 11) to base 6.
-14
-2 (base 15) to base 8
-2
Convert 34 (base 9) to base 15.
21
Convert -10 (base 7) to base 8.
-7
36 (base 9) to base 7
45
What is -6 (base 15) in base 11?
-6
22 (base 5) to base 13
c
Convert -53 (base 12) to base 3.
-2100
1022 (base 3) to base 2
100011
What is -5 (base 11) in base 12?
-5
-302 (base 5) to base 8
-115
What is 15 (base 9) in base 14?
10
Convert 232 (base 5) to base 11.
61
29 (base 12) to base 3
1020
-252 (base 6) to base 16
-68
What is 22 (base 5) in base 8?
14
What is 1002 (base 3) in base 15?
1e
Convert -1100011 (base 2) to base 11.
-90
Convert -123 (base 4) to base 5.
-102
97 (base 16) to base 14
ab
3 (base 6) to base 10
3
-154 (base 8) to base 3
-11000
What is 80 (base 10) in base 6?
212
What is 23 (base 4) in base 6?
15
What is 1001101 (base 2) in base 7?
140
73 (base 10) to base 2
1001001
7 (base 14) to base 16
7
-1d (base 14) to base 5
-102
Convert 55 (base 7) to base 4.
220
Convert 18 (base 10) to base 8.
22
What is -227 (base 8) in base 9?
-177
Convert 1 (base 14) to base 9.
1
10 (base 3) to base 15
3
What is -1 (base 11) in base 16?
-1
What is 47 (base 14) in base 10?
63
-10c (base 16) to base 13
-178
-1 (base 10) to base 15
-1
-6 (base 8) to base 9
-6
What is 36 (base 15) in base 12?
43
-1 (base 15) to base 10
-1
Convert -23 (base 16) to base 15.
-25
Convert 40 (base 5) to base 15.
15
1000 (base 2) to base 7
11
What is -2f (base 16) in base 8?
-57
125 (base 11) to base 15
9d
What is -2 (base 7) in base 13?
-2
-111110 (base 2) to base 7
-116
Convert -35 (base 10) to base 14.
-27
13 (base 11) to base 5
24
6 (base 7) to base 2
110
0 (base 2) to base 10
0
3 (base 9) to base 6
3
-2 (base 14) to base 7
-2
3 (base 15) to base 5
3
41 (base 5) to base 15
16
Convert 8 (base 16) to base 2.
1000
Convert -4 (base 10) to base 2.
-100
2 (base 15) to base 6
2
-42 (base 6) to base 12
-22
Convert 3 (base 11) to base 14.
3
Convert c5 (base 14) to base 10.
173
-59 (base 11) to base 7
-121
Convert -111 (base 2) to base 3.
-21
70 (base 10) to base 16
46
Convert 4 (base 5) to base 15.
4
1300 (base 4) to base 11
a2
-43 (base 7) to base 6
-51
What is 10 (base 13) in base 4?
31
What is -1201 (base 3) in base 5?
-141
103 (base 7) to base 5
202
Convert 102 (base 8) to base 15.
46
-3 (base 11) to base 9
-3
-15 (base 8) to base 10
-13
Convert -11 (base 3) to base 16.
-4
17 (base 11) to base 2
10010
0 (base 8) to base 15
0
What is 70 (base 12) in base 5?
314
-32 (base 6) to base 12
-18
Convert -16 (base 8) to base 7.
-20
4b (base 15) to base 9
78
What is 1 (base 15) in base 16?
1
Convert -35 (base 8) to base 16.
-1d
Convert -10 (base 10) to base 11.
-a
8 (base 12) to base 14
8
Convert -199 (base 13) to base 2.
-100100111
-1 (base 3) to base 15
-1
Convert -1 (base 4) to base 5.
-1
What is -10101111 (base 2) in base 14?
-c7
0 (base 5) to base 4
0
-7 (base 9) to base 4
-13
Convert -14 (base 5) to base 11.
-9
What is 1 (base 5) in base 10?
1
What is -123 (base 7) in base 6?
-150
100 (base 2) to base 7
4
-67 (base 10) to base 3
-2111
Convert -1 (base 12) to base 6.
-1
10 (base 2) to base 8
2
Convert 0 (base 4) to base 11.
0
What is -20 (base 4) in base 11?
-8
-a8 (base 11) to base 8
-166
Convert -204 (base 5) to base 8.
-66
What is -6 (base 13) in base 4?
-12
Convert 0 (base 10) to base 11.
0
Convert -78 (base 12) to base 6.
-232
Convert -1 (base 10) to base 12.
-1
Convert -1100 (base 2) to base 16.
-c
-2 (base 9) to base 6
-2
What is -10 (base 2) in base 12?
-2
Convert -1 (base 8) to base 9.
-1
-1 (base 14) to base 4
-1
What is 0 (base 2) in base 5?
0
What is 1010 (base 3) in base 16?
1e
What is 1 (base 12) in base 2?
1
What is 112 (base 4) in base 3?
211
1 (base 9) to base 14
1
Convert -341 (base 6) to base 10.
-133
What is -46 (base 15) in base 14?
-4a
-82 (base 12) to base 5
-343
What is 4e (base 16) in base 2?
1001110
-20 (base 8) to base 16
-10
Convert 126 (base 8) to base 4.
1112
7 (base 10) to base 12
7
-1202 (base 3) to base 10
-47
26 (base 10) to base 11
24
68 (base 13) to base 4
1112
What is 21200 (base 3) in base 13?
12c
What is 4 (base 14) in base 3?
11
Convert 3 (base 7) to base 3.
10
-1 (base 4) to base 3
-1
What is -3 (base 9) in base 13?
-3
What is -28 (base 12) in base 16?
-20
What is -5a (base 15) in base 7?
-151
104 (base 7) to base 16
35
-94 (base 11) to base 15
-6d
Convert 4 (base 6) to base 7.
4
What is -2102 (base 3) in base 16?
-41
Convert -22 (base 9) to base 6.
-32
20 (base 8) to base 14
12
Convert -47 (base 9) to base 16.
-2b
42 (base 6) to base 3
222
What is -210 (base 3) in base 10?
-21
Convert 32 (base 14) to base 4.
230
What is -110 (base 2) in base 9?
-6
Convert -9 (base 13) to base 6.
-13
What is 335 (base 9) in base 4?
10103
What is -136 (base 8) in base 16?
-5e
-1 (base 6) to base 4
-1
-20 (base 15) to base 7
-42
Convert -2 (base 7) to base 6.
-2
Convert 0 (base 2) to base 8.
0
What is -7 (base 12) in base 15?
-7
What is -3 (base 9) in base 12?
-3
4 (base 12) to base 14
4
What is 4 (base 12) in base 13?
4
What is -a (base 14) in base 4?
-22
-105 (base 7) to base 11
-4a
What is 1205 (base 6) in base 15?
148
Convert -2 (base 12) to base 15.
-2
What is 4a (base 13) in base 8?
76
Convert -5 (base 9) to base 12.
-5
Convert -45 (base 10) to base 9.
-50
2 (base 3) to base 12
2
What is -1142 (base 5) in base 10?
-172
Convert 196 (base 11) to base 7.
442
45 (base 16) to base 13
54
Convert 110 (base 9) to base 6.
230
11d (base 15) to base 7
511
What is -143 (base 5) in base 13?
-39
Convert -8b (base 15) to base 14.
-95
Convert 